{"id":184,"date":"2024-10-04T12:47:29","date_gmt":"2024-10-04T12:47:29","guid":{"rendered":"https:\/\/sktperfectdemo.com\/themepack\/skt-auditor\/?page_id=184"},"modified":"2026-03-14T00:39:52","modified_gmt":"2026-03-14T00:39:52","slug":"nos-institutions","status":"publish","type":"page","link":"https:\/\/missionbig.tg\/?page_id=184","title":{"rendered":"Nos Institutions"},"content":{"rendered":"\t\t<div data-elementor-type=\"wp-page\" data-elementor-id=\"184\" class=\"elementor elementor-184\">\n\t\t\t\t<div class=\"elementor-element elementor-element-5bc2897 e-flex e-con-boxed e-con e-parent\" data-id=\"5bc2897\" data-element_type=\"container\" data-e-type=\"container\">\n\t\t\t\t\t<div class=\"e-con-inner\">\n\t\t<div class=\"elementor-element elementor-element-a40907e skt-accountant-sec4 e-con-full e-flex e-con e-child\" data-id=\"a40907e\" data-element_type=\"container\" data-e-type=\"container\" data-settings=\"{&quot;background_background&quot;:&quot;classic&quot;}\">\n\t\t<div class=\"elementor-element elementor-element-e1b3d29 e-con-full skt-accountant-sec4-left-col e-flex e-con e-child\" data-id=\"e1b3d29\" data-element_type=\"container\" data-e-type=\"container\">\n\t\t\t\t<div class=\"elementor-element elementor-element-8d278d9 skt-accountant-sec4-sub-title elementor-widget elementor-widget-heading\" data-id=\"8d278d9\" data-element_type=\"widget\" data-e-type=\"widget\" data-widget_type=\"heading.default\">\n\t\t\t\t\t<h5 class=\"elementor-heading-title elementor-size-default\">NOS INSTITUTIONS<\/h5>\t\t\t\t<\/div>\n\t\t\t\t<div class=\"elementor-element elementor-element-8bfb27c skt-accountant-sec4-title elementor-widget elementor-widget-heading\" data-id=\"8bfb27c\" data-element_type=\"widget\" data-e-type=\"widget\" data-widget_type=\"heading.default\">\n\t\t\t\t\t<h2 class=\"elementor-heading-title elementor-size-default\">Les institutions de MISSION BIG sont les piliers qui portent notre vision\u202f: servir Dieu, soutenir les communaut\u00e9s et b\u00e2tir un avenir meilleur.<\/h2>\t\t\t\t<\/div>\n\t\t\t\t<div class=\"elementor-element elementor-element-cdda7d9 elementor-widget elementor-widget-shortcode\" data-id=\"cdda7d9\" data-element_type=\"widget\" data-e-type=\"widget\" data-widget_type=\"shortcode.default\">\n\t\t\t\t\t\t\t<div class=\"elementor-shortcode\">\r\n<div class=\"services-styless-row\">\r\n   \r\n   <div class=\"services-styles-box-inner\">\r\n      <div class=\"service-content-main-box\">\r\n         <p class=\"service-no\"> <\/p>\r\n         <h2 class=\"service-tittle\"><a href=\"https:\/\/missionbig.tg\/?our_services=la-compassion\">La Compassion<\/a>\r\n         <\/h2>\r\n         <p class=\"service-para\"><a href=\"https:\/\/missionbig.tg\/?our_services=la-compassion\">La Compassion : Le C\u0153ur battant de Mission BIG Si l&rsquo;H\u00f4pital Baptiste La Gr\u00e2ce est le bras qui soigne, La Compassion est le c\u0153ur qui accompagne. Organe social et humanitaire de Mission BIG, cette association transforme l&#8217;empathie en actions concr\u00e8tes pour restaurer la dignit\u00e9 humaine. Notre Raison d&rsquo;\u00catre La Compassion intervient l\u00e0 o\u00f9 la pr\u00e9carit\u00e9<br><a class=\"moretag\" href=\"https:\/\/missionbig.tg\/?our_services=la-compassion\">+ Read More<\/a><\/a>\r\n         <\/p>\r\n      <\/div>\r\n   <\/div>\r\n   \r\n   <div class=\"services-styles-box-inner\">\r\n      <div class=\"service-content-main-box\">\r\n         <p class=\"service-no\"> <\/p>\r\n         <h2 class=\"service-tittle\"><a href=\"https:\/\/missionbig.tg\/?our_services=hopital-baptiste-la-grace\">H\u00f4pital Baptiste la Gr\u00e2ce<\/a>\r\n         <\/h2>\r\n         <p class=\"service-para\"><a href=\"https:\/\/missionbig.tg\/?our_services=hopital-baptiste-la-grace\">L&rsquo;H\u00f4pital Baptiste La Gr\u00e2ce : Porter la Lumi\u00e8re au C\u0153ur du Soin Au-del\u00e0 des murs de briques et des \u00e9quipements m\u00e9dicaux, l&rsquo;H\u00f4pital Baptiste La Gr\u00e2ce est un t\u00e9moignage vivant de l\u2019amour du Christ en action. En tant qu&rsquo;institution pilier de Mission BIG, notre vocation d\u00e9passe la simple gu\u00e9rison physique : nous aspirons \u00e0 la restauration<br><a class=\"moretag\" href=\"https:\/\/missionbig.tg\/?our_services=hopital-baptiste-la-grace\">+ Read More<\/a><\/a>\r\n         <\/p>\r\n      <\/div>\r\n   <\/div>\r\n   \r\n   <div class=\"services-styles-box-inner\">\r\n      <div class=\"service-content-main-box\">\r\n         <p class=\"service-no\"> <\/p>\r\n         <h2 class=\"service-tittle\"><a href=\"https:\/\/missionbig.tg\/?our_services=radio-la-grace\">Radio la Gr\u00e2ce<\/a>\r\n         <\/h2>\r\n         <p class=\"service-para\"><a href=\"https:\/\/missionbig.tg\/?our_services=radio-la-grace\">Radio La Gr\u00e2ce : L\u2019H\u00f4pital de l&rsquo;\u00c2me sur les Ondes Au sein de la Mission BIG, nous croyons que la souffrance ne s&rsquo;arr\u00eate pas au corps physique. Il existe des blessures invisibles que seule la voix de l&rsquo;espoir peut panser. Radio La Gr\u00e2ce a \u00e9t\u00e9 fond\u00e9e comme une v\u00e9ritable infrastructure de sant\u00e9 spirituelle. Le Service<br><a class=\"moretag\" href=\"https:\/\/missionbig.tg\/?our_services=radio-la-grace\">+ Read More<\/a><\/a>\r\n         <\/p>\r\n      <\/div>\r\n   <\/div>\r\n   \r\n<\/div>\r\n<\/div>\n\t\t\t\t\t\t<\/div>\n\t\t\t\t<\/div>\n\t\t<div class=\"elementor-element elementor-element-54a0f22 e-con-full skt-accountant-sec4-right-col e-flex e-con e-child\" data-id=\"54a0f22\" data-element_type=\"container\" data-e-type=\"container\">\n\t\t\t\t<div class=\"elementor-element elementor-element-b3c4445 elementor-widget elementor-widget-image\" data-id=\"b3c4445\" data-element_type=\"widget\" data-e-type=\"widget\" data-widget_type=\"image.default\">\n\t\t\t\t\t\t\t\t\t\t\t\t\t\t\t<img fetchpriority=\"high\" decoding=\"async\" width=\"520\" height=\"905\" src=\"https:\/\/missionbig.tg\/wp-content\/uploads\/2024\/10\/our-services-img-1.png\" class=\"attachment-full size-full wp-image-42\" alt=\"\" srcset=\"https:\/\/missionbig.tg\/wp-content\/uploads\/2024\/10\/our-services-img-1.png 520w, https:\/\/missionbig.tg\/wp-content\/uploads\/2024\/10\/our-services-img-1-172x300.png 172w\" sizes=\"(max-width: 520px) 100vw, 520px\" \/>\t\t\t\t\t\t\t\t\t\t\t\t\t\t\t<\/div>\n\t\t\t\t<\/div>\n\t\t\t\t<\/div>\n\t\t\t\t\t<\/div>\n\t\t\t\t<\/div>\n\t\t\t\t<\/div>\n\t\t","protected":false},"excerpt":{"rendered":"<p>NOS INSTITUTIONS Les institutions de MISSION BIG sont les piliers qui portent notre vision\u202f: servir Dieu, soutenir les communaut\u00e9s et b\u00e2tir un avenir meilleur.<\/p>\n","protected":false},"author":1,"featured_media":0,"parent":0,"menu_order":0,"comment_status":"closed","ping_status":"closed","template":"templates\/page-builder.php","meta":{"footnotes":""},"class_list":["post-184","page","type-page","status-publish","hentry"],"_links":{"self":[{"href":"https:\/\/missionbig.tg\/index.php?rest_route=\/wp\/v2\/pages\/184","targetHints":{"allow":["GET"]}}],"collection":[{"href":"https:\/\/missionbig.tg\/index.php?rest_route=\/wp\/v2\/pages"}],"about":[{"href":"https:\/\/missionbig.tg\/index.php?rest_route=\/wp\/v2\/types\/page"}],"author":[{"embeddable":true,"href":"https:\/\/missionbig.tg\/index.php?rest_route=\/wp\/v2\/users\/1"}],"replies":[{"embeddable":true,"href":"https:\/\/missionbig.tg\/index.php?rest_route=%2Fwp%2Fv2%2Fcomments&post=184"}],"version-history":[{"count":5,"href":"https:\/\/missionbig.tg\/index.php?rest_route=\/wp\/v2\/pages\/184\/revisions"}],"predecessor-version":[{"id":523,"href":"https:\/\/missionbig.tg\/index.php?rest_route=\/wp\/v2\/pages\/184\/revisions\/523"}],"wp:attachment":[{"href":"https:\/\/missionbig.tg\/index.php?rest_route=%2Fwp%2Fv2%2Fmedia&parent=184"}],"curies":[{"name":"wp","href":"https:\/\/api.w.org\/{rel}","templated":true}]}}